 o(2) composite?
False
Let k(o) = 2*o**3 - 3*o**2 - 3*o - 3. Let s be k(-4). Let t = s + 780. Is t a composite number?
False
Let u(d) = 9*d - 204. Let v be u(23). Let q = 767 - 496. Suppose q = v*n - 11. Is n composite?
True
Suppose 0 = -7*r + 5477 + 10112. Suppose -3*z = -0*z + 9, r = -u - 3*z. Let i = u - -3137. Is i a prime number?
True
Is (-111 - 0)/((-15)/5) a composite number?
False
Suppose o - 1432 = -2*p, -3*o + 1651 + 2651 = 3*p. Suppose 6*t - 2*t + 4*b - o = 0, -3*t - 4*b = -1077. Is t composite?
False
Is 359331/189 + (-2)/9 prime?
True
Is ((-2)/1 + 339)*3/3 a composite number?
False
Let m = 1089 + -590. Is m a composite number?
False
Let c = -208 - 4. Is -7*3/12*c a composite number?
True
Let h = 34238 - 20191. Is h a prime number?
False
Suppose -3*g + 6*g = 885. Let u = 42 + g. Is u a prime number?
True
Suppose -31*w + 18355 = -26*w. Is w a prime number?
True
Suppose 5*o - 712 = o. Let r = o + -98. Suppose 0 = t - 5*k - r, 3*k + k + 83 = t. Is t a composite number?
True
Let t be (1 - -2)/(5 + -4). Suppose -w + 42 = -t*w. Is 7/w + 238/3 prime?
True
Let k(t) = -t**3 - 9*t**2 + 14*t + 81. Is k(-20) a prime number?
True
Suppose 2*k - 4 = 20. Is ((-267)/k)/(4/(-16)) a prime number?
True
Let z = 2172 + -995. Is z prime?
False
Let w(c) = c + 19. Let t be w(-16). Suppose t*f - 2065 = -2*f. Is f a prime number?
False
Let q(y) = y**2 + 6*y + 7. Let v be q(-8). Let a = v + -13. Is 620/6 - a/30 a prime number?
True
Let v be 6 - 2 - 2*2. Suppose v*o + 1757 = 7*o. Is o composite?
False
Suppose 0 = -10*u + 60093 + 51697. Is u a prime number?
False
Suppose 0 = 3*q - 11*q - 96. Suppose -3*k + t = k - 37, 0 = 2*k - t - 21. Is (-6381)/q*k/6 a prime number?
True
Suppose -2*u = u + 3354. Let h = u + 2010. Is 2*h/8*1 prime?
True
Let y(k) = 33505*k**2 + 2*k - 2. Is y(1) prime?
False
Suppose 2*b - l + 5 = 2*l, -15 = -5*b + 2*l. Let n(r) = 2*r**3 + 9*r**2 - 5*r + 1. Is n(b) a composite number?
True
Let l(y) = -4*y**2 - 10*y - 9. Let r(x) be the third derivative of -x**5/60 - x**4/24 - x**3/6 + 4*x**2. Let m(w) = l(w) - 5*r(w). Is m(7) composite?
True
Suppose 0*o = 3*o. Suppose o = -4*s + 9*s - 50. Is s/2*(-7)/(-5) a prime number?
True
Let u(y) = 2*y**3 - 10*y**2 + 7. Suppose -2*z + 44 + 6 = 0. Let q = z + -18. Is u(q) a prime number?
False
Let k(h) = h. Let g(r) = -11*r**2 + 12*r + 5. Let c(x) = -g(x) + k(x). Is c(4) composite?
False
Is 1 + -2 + 15726 + (5 - 3) a composite number?
False
Let a be -2*3/6*-2. Suppose 2*s - 4*d + 102 = 0, 5*d + 72 = -a*s + s. Let o = s + 244. Is o prime?
False
Let b(y) = -y**3 - 2*y**2 + 3*y - 1. Let u be b(2). Let z = 15 + u. Suppose z*a = 277 + 159. Is a a prime number?
True
Suppose -9*c + 29681 = -156358. Is c a composite number?
True
Let h = 452 - -44. Suppose 0 = -3*i - 2*j + 358, -h = -4*i + j + j. Is i a composite number?
True
Suppose 4*u - 139548 = p, -u + 24683 = 3*p - 10191. Is u prime?
False
Let b(u) = u**2 + 12*u - 6. Let l be b(-12). Let j(k) = 1 - 2 - 65*k - k. Is j(l) a prime number?
False
Let d(j) be the third derivative of j**5/30 - 7*j**4/24 - 7*j**3/6 - j**2. Suppose -30 = 17*k - 132. Is d(k) a prime number?
True
Let j(t) = -845*t + 118. Is j(-9) a composite number?
False
Suppose -3*q - 27964 = -2*a, -5*a - 13982 = -6*a - 4*q. Is a a prime number?
False
Suppose 0 = -3*s - s + 5*x + 78728, -4*x = -16. Is s composite?
False
Suppose 0 = -14*c + 124577 - 33283. Is c composite?
False
Suppose -4*c - 298 + 1790 = -2*y, -c - 3*y = -366. Let v = 201 + c. Is v prime?
False
Suppose 0 = -30*w + 31*w - 17827. Is w a prime number?
True
Suppose 6 = -0*q + 3*q. Suppose -2*l + 2*b = -0*b, 0 = q*b - 10. Suppose l*a = -s + 185, 4*s - 740 = -a - 2*a. Is s composite?
True
Suppose -36*o = 12*o - 78576. Is o prime?
True
Let q be (-21)/(-9) - 6/(-9). Suppose -7232 = -5*w + 4*t + 117, -5*t = 2*w - 2933. Suppose -q*f + w = 548. Is f a prime number?
True
Suppose 321225 = 20*n - 336955. Is n composite?
False
Suppose -2*t - 10 = 0, s - t - 1223 - 135 = 0. Suppose -s = -5*l + 702. Is l prime?
False
Let m(i) be the first derivative of -17*i**5/60 + 7*i**4/24 - i**3/3 + 1. Let t(l) be the third derivative of m(l). Is t(-11) prime?
False
Let o = -5597 - -10720. Is o prime?
False
Let s(q) = 2*q**3 - q**3 + 13 + 0*q**3 + 7*q**2 + 5*q**2. Let v(d) = d**3 - 6*d**2 - 2*d. Let m be v(6). Is s(m) a composite number?
False
Suppose 78968 = 38*l - 30*l. Is l composite?
False
Suppose -d - d = 0. Suppose 2*v = 6*s - s + 734, 2*v + 5*s - 774 = d. Is v a prime number?
False
Let q = 434 - 249. Is q composite?
True
Let o(x) = 5*x**3 - x**2 + 2*x - 1. Let b be o(1). Suppose -m + 107 = b*z - 803, -z + 182 = 4*m. Suppose 2*n + 0*n - z = 0. Is n composite?
True
Let i = 6 + 18. Suppose -1 = -3*w + l, 3*w - 5 = 5*l - i. Is (67/w)/((-1)/(-2)) prime?
True
Suppose 328 = 10*n - 192. Let p(r) = 19*r - 3. Let s be p(2). Suppose -s = -h + n. Is h a prime number?
False
Let b = -339 - -775. Suppose -5*k - 4*y + 5017 = b, 2*k + 2*y - 1834 = 0. Is k composite?
True
Suppose 0 = g + 2*v + v - 15, g - 9 = 3*v. Suppose g = 2*h - 5*h. Is 9/((-1 + -3)/h) prime?
False
Suppose 16455 + 26944 = q + 2*j, 0 = j - 4. Is q prime?
True
Suppose -8 = -10*l - 8. Suppose b = -l*y + 2*y + 4333, -4*b = -5*y - 17323. Is b a composite number?
False
Suppose 4*r + 6323 = 5*a - 13702, 0 = a - 5*r - 4026. Is a composite?
False
Suppose 4*n - 2328 = g + g, 2*n - 3*g - 1168 = 0. Is n a composite number?
True
Suppose -5*l = -2*l - 5*h - 66153, 5*l = -h + 110255. Is l a prime number?
True
Suppose -2*n = 4*y - 39670, 4*y = 8*y + 12. Is n a composite number?
False
Let t(o) = 5*o - 5. Let m be t(2). Let x(w) be the third derivative of w**5/10 + w**4/3 - 5*w**3/6 + 2*w**2. Is x(m) a prime number?
False
Let f(o) = o**3 + 13*o**2 + 10*o - 25. Suppose -24 = 7*k - 11*k. Is f(k) a prime number?
True
Suppose 13 = 4*o + 5. Let y be (-31)/2*(o - 4). Let a = 7 + y. Is a composite?
True
Let m(x) = -576*x - 2. Let n be m(-4). Let v = n - 1121. Is v composite?
False
Let g(q) = 17*q**2 - 3*q + 1. Suppose -5*p + 5*o + 45 = 0, 2*p + o - 9 + 0 = 0. Suppose -5*s + 9 + p = 0. Is g(s) a composite number?
True
Is ((-16)/2 - -4) + 3015 composite?
False
Let j(w) be the second derivative of -7*w**4/6 - w**3/6 - 5*w**2/2 - 11*w. Let z be j(3). Let m = 217 + z. Is m prime?
True
Let b = 33121 - -38250. Is b composite?
True
Let m = 63269 + -2496. Is m a composite number?
False
Let b = -211 - -335. Suppose 4*t + 4*o = b, 4*t + 41 = -2*o + 171. Is t composite?
True
Suppose -714 = -2*m - 32. Is m composite?
True
Let c be 4 - 4 - 2 - -13682. Suppose -37435 + c = -5*s. Is s composite?
False
Let j = 61640 - 40939. Is j a prime number?
False
Let s be (4/(-10))/(1/(-5)). Suppose s*d - 506 = -3*r, -3*r - 854 = -8*r + 2*d. Let i = -81 + r. Is i prime?
True
Let a(k) be the second derivative of 11*k**5/30 - 11*k**4/24 - 5*k**3/6 + 7*k**2/2 - 6*k. Let q(g) be the first derivative of a(g). Is q(-4) prime?
False
Suppose 2*d + 5*h = 527, d + 116 = -2*h + 380. Let f = d + -53. Is f prime?
False
Let l(o) = -o - 13. Let h be l(10). Let w = 25 + h. Is (-1855)/(-21) - w/(-3) composite?
False
Suppose 3*c - 4*f = 2*c + 1067, c = -2*f + 1097. Is c a prime number?
True
Let b(t) be the second derivative of -5*t**3/2 + t**2/2 - 6*t. Is b(-3) a prime number?
False
Is (0 - (-18)/(-4))*(-4656)/72 prime?
False
Is 5/(40/(-12)) - 56229/(-2) a composite number?
True
Suppose z - 2 - 1 = 0. Suppose -z*g - 193 = -625. Let q = -47 + g. Is q a composite number?
False
Let n = -15 - -8. Let x(j) = j**3 + 3*j**2 + 6*j - 3. Let c(d) = d**3 + 3*d**2 + 5*d - 4. Let y(k) = -4*c(k) + 3*x(k). Is y(n) prime?
False
Let q(d) = 232*d**3 - 1. Let m be q(1). Let j = -99 + m. Suppose -j = -2*l - 2*l. Is l a prime number?
False
Let l(x) = 204*x**2 + 17*x - 131. Is l(8) composite?
True
Let u = -41 + 42. Is 5905/(3*u/3) prime?
False
Is 0 - 3 - -2 - -2902 prime?
False
Let i = -518 + 1579. Let s = i + -524. Is s a composite number?
True
Let t be (-56)/(-21) + (-2)/3. Suppose 5*a + 240 = 5*u, -4*u + t*u = -a - 94. Is u a prime number?
False
Let z = 18 - 16. Suppose 0 = 5*y - 2*y - 4*x - 4665, -z*y = 5*x - 3133. Is y prime?
True
Suppose -2*y = -5*v - 1773 - 274, 0 = -5*y + 4*v + 5143. Is y composite?
False
Suppose -2 + 0 = -2*x, -13829 = -3*j - 2*x. Is j a prime number?
False
Let w(x) = -5*